3
Suppose 0 = 3*z - z + 10. Let h(s) = s**2 - 5*s + 13. Let r be h(6). What are the prime factors of (z + 10)*r/5?
19
Let f(b) = -b**2 + 8*b + 7. Suppose -2*n - 2 = 0, 4*p + n - 5 - 70 = 0. Suppose -c - p = -2*i - i, 4*i = 4*c + 20. List the prime factors of f(i).
2, 7
Suppose 96 = 4*v - 4*d, 2*d - 37 = -3*v - 2*d. What are the prime factors of v?
19
Let k(i) = -i**3 + 8*i**2 + 8*i - 3. Let u be k(8). Suppose -3*o - s + u = -2*o, -6 = 3*s. Suppose 18 = -5*h + o. What are the prime factors of h?
3
Let f be (183/21 - 1)*7. Suppose -3*g + f = 3*s, 2*s - 7*s = g - 30. What are the prime factors of g?
3, 5
Let x = 13 + -12. Suppose 5*v + y - 8 + x = 0, -y = -3*v + 9. List the prime factors of v.
2
Suppose 3 + 12 = 3*v. Suppose -2*b = b - 4*m - 21, -v*m + 4 = -b. List the prime factors of b.
11
Suppose 4*m - 14 - 1 = 5*g, 15 = 3*g. Suppose 0 = -5*s + m, -2*x + 28 = x + 2*s. Suppose -2*t = -3*f + 10, t + 7 + x = 4*f. What are the prime factors of f?
2
Suppose 0 = -g - s + 2, 3*g - 2*s = -4*s + 8. Suppose -w - 2*y = -14, -5*w + g*y + 29 = 1. List the prime factors of w.
2
Let g = 1 + -1. Suppose g = -3*t + 6 + 6. What are the prime factors of t?
2
Let q(g) = -3 + 1 + 0*g**2 + g**3 + 3*g + 6*g**2. Let a be q(-5). List the prime factors of 1/2*a*1.
2
Suppose 2*n - 2 = 114. What are the prime factors of n?
2, 29
What are the prime factors of 4/((-36)/(-591)) - 8/12?
5, 13
Let u be (-1)/(8/20 + (-93)/195). Suppose 0 = -j - 2*v + 8, 5 = 5*j + 5*v - 2*v. Let o = u - j. What are the prime factors of o?
3, 5
List the prime factors of (-2)/(-6) + (-134)/(-3).
3, 5
Let d(x) = -2*x - 4. Let v be d(-3). Suppose 0 = v*u - 0*u - 6. Suppose -5*q + u = -42. List the prime factors of q.
3
Let m(i) be the third derivative of i**4/24 + 2*i**3/3 + 3*i**2. Let n be m(-2). Suppose 5*y = -3*d + 2*y + 30, -5*d + 59 = n*y. List the prime factors of d.
13
Suppose 5*i - 6 = 2*i. What are the prime factors of 71/3 - i/(-6)?
2, 3
Let k(l) = 5*l + 18. List the prime factors of k(8).
2, 29
Let p(m) = -m + 6. Let i be p(6). Suppose -2*x + 3*c + 0*c + 11 = i, c + 17 = 4*x. What are the prime factors of x/18 + (-75)/(-27)?
3
Let d = 17 + -14. Suppose 0 = -4*k - 2*n + 132, 2*n - 132 = -4*k - d*n. List the prime factors of k.
3, 11
Let x be 3*(-12)/9 - -2. List the prime factors of 0/x + 15 + -3.
2, 3
Suppose -3*n - 120 = 2*n. Let i = n + 14. What are the prime factors of 4/((-8)/i)*1?
5
Let i = 21 + -15. Suppose -4*p + 92 = -2*u + i*u, -p = -u + 13. List the prime factors of u.
2, 3
Let i = -9 - -3. Let r(t) = -t**2 + 13*t - 8. Let g be r(12). Let x = g - i. List the prime factors of x.
2, 5
Let a(c) = c**2 + 8*c. Let g(z) = -z**2 + 1. Let x(h) = a(h) + 2*g(h). What are the prime factors of x(8)?
2
Let q = -9 - -11. Suppose -3*p - q*z = 2*p - 71, 0 = z + 2. List the prime factors of p.
3, 5
Let j(y) = -y**2 + 3*y. Let d be (-56)/(-12) - (-2)/6. Let a be j(d). Let n = a + 20. List the prime factors of n.
2, 5
Suppose c = -3*c + 4*y + 228, -y = -5*c + 269. List the prime factors of c.
53
Let o(k) be the first derivative of -3*k**4/2 + 3*k**2/2 - 2*k + 7. List the prime factors of o(-2).
2, 5
Let i(s) = 2*s**3 - s**2 + s. Let r be i(1). Suppose -3*u + 54 = 2*x - 7*u, -u = r*x - 54. List the prime factors of x.
3
Let p(g) = 3*g**3 - 2*g**2 - 1. Let c be p(2). Suppose 2*i = 1 + c. What are the prime factors of i?
2
Let t = 10 - -72. What are the prime factors of t?
2, 41
Let r = 0 - 0. Let o = -2 + r. Let b = o - -12. List the prime factors of b.
2, 5
Let y(x) = x**3 + 3*x + 185. What are the prime factors of y(0)?
5, 37
Suppose -67 - 13 = -n. Suppose 11 - n = -3*w. What are the prime factors of w?
23
Let h(y) = y**2 - 1. Let u(m) = -5*m - 4. Let i(f) = h(f) - u(f). Let j be i(-5). Suppose -3*o + 6 = -j. List the prime factors of o.
3
Let q(a) = -a**3 - 7*a**2 - 6*a + 4. Let n be q(-6). Suppose 10 = 2*k - n. Suppose 3*d - 5*m - 10 - k = 0, -5*d + m + 21 = 0. List the prime factors of d.
2
Let t(o) = -o**2 + 10*o - 10. List the prime factors of t(8).
2, 3
What are the prime factors of 1/(-3)*(12 + -63)?
17
Suppose -5*i = 0, 7*g = 2*g - 4*i + 45. Suppose g = 2*m + b, 0*m + 3*m + 4*b - 11 = 0. What are the prime factors of m?
5
Let h(s) = 8*s**2 + 11*s + 31. List the prime factors of h(-6).
11, 23
Let r = -22 - -27. List the prime factors of r.
5
Let y(k) = 14*k - 4. Let o(t) = 5*t - 1. Let g(f) = 17*o(f) - 6*y(f). List the prime factors of g(5).
2, 3
Let p be 4 - (-2)/(-1 - 1). Suppose -p*s = -6 - 15. List the prime factors of s.
7
Suppose 5*f - 4 = 11. Suppose f*d = 6*d - 36. What are the prime factors of d?
2, 3
Let i be 0/(-1) - 5/(-1). Suppose -i*c + 101 = 2*n, -80 = c - 6*c + 5*n. List the prime factors of c.
19
Let i = 8 + -4. Suppose 0 = i*c - d - 118, -5*d = 2*c - 14 - 34. List the prime factors of c.
29
Let w = -6 + 10. Suppose 3*b + 7 = n, -b = 3*n + w*b - 35. What are the prime factors of n?
2, 5
Let d(o) = -9*o**3 - 2*o**2 + 1. Suppose 4*t + 2 = 2*t. List the prime factors of d(t).
2
Let d(t) = t**3 + 3*t**2 + t. Let c be d(-1). Let j = -1 - c. List the prime factors of ((-1)/(-4))/(j/(-24)).
3
Let t = -77 - -41. List the prime factors of (t/(-1))/3 + 0.
2, 3
Let p(m) = -m**2 - m + 1. Let u(g) = -g**2. Let z be 21/(-1)*2/(-6). Let q(f) = z*p(f) - 6*u(f). What are the prime factors of q(-7)?
7
Suppose -2*c - 2 = 0, 0 = -m - c + 5*c + 39. List the prime factors of m.
5, 7
Suppose 0 = -3*b + 4*l - 68 + 442, -5*b + 3*l + 616 = 0. What are the prime factors of b?
2, 61
Let p = -4 - -52. List the prime factors of p.
2, 3
Let r(w) = -w + 47. List the prime factors of r(21).
2, 13
Suppose -4*w + 5*w - 56 = 0. What are the prime factors of w?
2, 7
Let p(v) = v**2 + 3*v - 3. Let y be p(3). Let g = -9 + y. Suppose -g - 48 = -3*k. What are the prime factors of k?
2, 3
Suppose -5*z + 25 = 0, 128 = 2*m - z - 135. What are the prime factors of m?
2, 67
Let y(w) = -15*w**3 - 2*w**2 + 1. List the prime factors of y(-1).
2, 7
Let b = 15 - 16. What are the prime factors of b/2*-1*62?
31
Let q(x) = 2*x + 5. Let y be q(-4). Let f be (30/y)/(2/(-8)). Suppose 0*n - f = -4*n. What are the prime factors of n?
2, 5
Let b(h) = 25*h**3 + h. What are the prime factors of b(1)?
2, 13
Let d(w) = w**3 + 2*w - 3. Let i = -4 + 6. Let s be d(i). Suppose 15 = 2*h - s. List the prime factors of h.
2, 3
Let f = -1 - -1. Suppose f = 3*q - 9, -18 = -4*b - q - q. Suppose -5*z - o = -31, 0 = b*o - o + 8. List the prime factors of z.
7
Let m = -1 + 0. What are the prime factors of m/2*-8 + 0?
2
Let l(p) = -15*p**2 - 10*p + 5. Let z(h) = 7*h**2 + 5*h - 2. Let f(m) = 6*l(m) + 13*z(m). List the prime factors of f(-8).
2, 7
Let q(n) = -n**2 - 11*n + 2. Let z = 7 + -17. What are the prime factors of q(z)?
2, 3
Let k = 13 + -21. Let h be (-3)/(-4)*k/(-2). Let d(n) = 2*n - 4. List the prime factors of d(h).
2
Let v(i) = -i**2 + 8*i + 2. Let g be v(7). Suppose -5*y - 2*d - 20 = 0, -4*d + 23 = -2*y - g. Let l = -1 - y. List the prime factors of l.
5
What are the prime factors of 1/((-16)/(-964)) - (-4)/(-16)?
2, 3, 5
List the prime factors of 0 + 114 - (-8 - -11).
3, 37
Let s(a) = -a**3 + 5*a**2 - 3*a + 6. Let d be 6/6 + 4*1. Let r be s(d). Let x(m) = -m**3 - 10*m**2 - 11*m - 13. List the prime factors of x(r).
5
List the prime factors of (0 - (-4)/6) + 1784/24.
3, 5
Let r = -11 - 3. What are the prime factors of (-4)/r - (-130)/35?
2
Let q = 26 - -54. Let g be (24/10)/((-24)/q). What are the prime factors of (12/g)/((-6)/8)?
2
Let y = -45 - -63. Suppose 2*l - 93 = -5*v - y, -4*v = 5*l - 145. What are the prime factors of l?
5
Suppose 2*v - 4*v = -78. What are the prime factors of v?
3, 13
Let w(m) = 4*m + 1. What are the prime factors of w(4)?
17
Let k(c) = -3*c**2. Let l be k(-2). Let r = -5 - l. What are the prime factors of r?
7
Suppose -4*q = -20*q + 4624. List the prime factors of q.
17
Let a(h) = -h**2 + 8*h + 11. Let p be (-4)/2*5/2. Let i(t) = -t**2 - 6*t + 4. Let m be i(p). What are the prime factors of a(m)?
2
Suppose 0 = -5*t + 4*n - 29, -3 = 2*n - 5. Let o = 10 - t. What are the prime factors of o?
3, 5
Suppose -5*d = -0*h - 2*h + 18, 4*d = -8. Let o = 18 - h. Suppose -2*z + 26 = 5*x - 0*z, -2*x = 2*z - o. What are the prime factors of x?
2
Let m(s) = -s**3 - 4*s**2 + 2*s + 7. Suppose q - 5*d + 8 = 28, 0 = -2*q - 